{"id":7,"date":"2020-09-17T18:31:54","date_gmt":"2020-09-17T15:31:54","guid":{"rendered":"https:\/\/restate.ee\/tanassilma\/?page_id=7"},"modified":"2024-09-06T13:08:24","modified_gmt":"2024-09-06T10:08:24","slug":"avaleht","status":"publish","type":"page","link":"https:\/\/restate.ee\/tanassilma\/","title":{"rendered":"Avaleht"},"content":{"rendered":"\n<div class=\"front-banner-block\">\n\t\t\t<video class=\"no-lazy\" autoplay playsinline loop muted src=\"https:\/\/restate.ee\/tanassilma\/wp-content\/uploads\/2024\/02\/Restate-Lepatriinu-3d-2024.mp4\"><\/video>\n\t\t\t\t<div class=\"button_wrapper\">\n\t\t\t<a href=\"https:\/\/www.youtube.com\/watch?v=cG1uVAQNKEc\" target=\"_blank\" class=\"btn\">Vaata videot Youtubes<\/a>\n\t\t<\/div>\n\t<\/div>\n\n\n<div class=\"stats-list-block side-left\">\n\t<div class=\"container\">\n\t\t<div class=\"row justify-content-between\">\n\t\t\t\t\t\t\t\t\t\t\t<div class=\"col col-md-auto col-12\">\n\t\t\t\t\t<h3>16<\/h3>\n\t\t\t\t\t<p>\u00e4rihoonet<\/p>\n\t\t\t\t<\/div>\n\t\t\t\t\t\t\t\t\t\t\t<div class=\"col col-md-auto col-12\">\n\t\t\t\t\t<h3>200 000 000 \u20ac<\/h3>\n\t\t\t\t\t<p>investeeringuid<\/p>\n\t\t\t\t<\/div>\n\t\t\t\t\t\t\t\t\t\t\t<div class=\"col col-md-auto col-12\">\n\t\t\t\t\t<h3>100 000 m\u00b2<\/h3>\n\t\t\t\t\t<p>\u00e4ripindu<\/p>\n\t\t\t\t<\/div>\n\t\t\t\t\t\t\t\t\t\t\t<div class=\"col col-md-auto col-12\">\n\t\t\t\t\t<h3>BREEAM<\/h3>\n\t\t\t\t\t<p>sertifikaat<\/p>\n\t\t\t\t<\/div>\n\t\t\t\t\t\t\t\t\t\t\t<div class=\"col col-md-auto col-12\">\n\t\t\t\t\t<h3>3in1<\/h3>\n\t\t\t\t\t<p>lahendused<\/p>\n\t\t\t\t<\/div>\n\t\t\t\t\t<\/div>\n\t<\/div>\n<\/div>\n\n\n<div class=\"text-image-block\">\n\t<div class=\"container\">\n\t\t<div class=\"row\">\n\t\t\t<div class=\"text col col-md-6 col-12\">\n\t\t\t\t<div class=\"col_wrapper fade-in-up\">\n\t\t\t\t\t\t\t\t\t\t\t<h2>V\u00e4ljakujunenud \u00e4ri- ja logistikakeskus<\/h2>\n\t\t\t\t\t\t\t\t\t\t<div class=\"text_wrapper\">\n\t\t\t\t\t\t<p>\u00c4ripark asub vahetult Tallinna piiri taga v\u00e4ljakujunenud T\u00e4nassilma t\u00f6\u00f6stus- ja logistikapargi k\u00f5rval ning on sobiv tootmis-, lao- ja kaubanduspindu vajavatele ettev\u00f5tetele.<\/p>\n\t\t\t\t\t<\/div>\n\t\t\t\t\t\t\t\t\t\t\t<a href=\"https:\/\/restate.ee\/tanassilma\/hooned\/#house-valge-maja\" target=\"\" class=\"btn\">Hinnad ja plaanid<\/a>\n\t\t\t\t\t\t\t\t\t<\/div>\n\t\t\t<\/div>\n\t\t\t<div class=\"image col col-md-6 col-12\">\n\t\t\t\t<div class=\"img bg-center\" style=\"background-image: url(https:\/\/restate.ee\/tanassilma\/wp-content\/uploads\/2024\/08\/Tanassilma-Aripark-05-scaled.jpg);\"><\/div>\n\t\t\t<\/div>\n\t\t<\/div>\n\t<\/div>\n<\/div>\n\n\n<div class=\"front-location-block\">\n\t\t\t<img decoding=\"async\" class=\"image_mobile d-lg-none d-block\" src=\"https:\/\/restate.ee\/tanassilma\/wp-content\/uploads\/2024\/09\/Tanassilma-kaart-mobile-3.png\" width=\"1125\" height=\"1524\" alt=\"\" \/>\n\t\t<div class=\"image_wrapper d-lg-block d-none\">\n\t\t<img decoding=\"async\" class=\"image\" src=\"https:\/\/restate.ee\/tanassilma\/wp-content\/uploads\/2024\/09\/Tanassilma-kaart-2.png\" width=\"2800\" height=\"2088\" alt=\"\" \/>\n\t<\/div>\n\t\t\t<img decoding=\"async\" class=\"compass_image d-lg-block d-none\" src=\"https:\/\/restate.ee\/tanassilma\/wp-content\/uploads\/2022\/06\/Group-19-Copy-2.svg\" width=\"112\" height=\"112\" alt=\"\" \/>\n\t<\/div>\n\n\n<div class=\"stats-list-block side-right\">\n\t<div class=\"container\">\n\t\t<div class=\"row justify-content-between\">\n\t\t\t\t\t\t\t\t\t\t\t<div class=\"col col-md-auto col-12\">\n\t\t\t\t\t<h3>3 min autoga<\/h3>\n\t\t\t\t\t<p>Tallinna Ringtee<\/p>\n\t\t\t\t<\/div>\n\t\t\t\t\t\t\t\t\t\t\t<div class=\"col col-md-auto col-12\">\n\t\t\t\t\t<h3>25 min autoga<\/h3>\n\t\t\t\t\t<p>Tallinna Sadam<\/p>\n\t\t\t\t<\/div>\n\t\t\t\t\t\t\t\t\t\t\t<div class=\"col col-md-auto col-12\">\n\t\t\t\t\t<h3>20 min autoga<\/h3>\n\t\t\t\t\t<p>Tallinna Kesklinn<\/p>\n\t\t\t\t<\/div>\n\t\t\t\t\t\t\t\t\t\t\t<div class=\"col col-md-auto col-12\">\n\t\t\t\t\t<h3>17 minutit jalutades<\/h3>\n\t\t\t\t\t<p>Rongipeatus<\/p>\n\t\t\t\t<\/div>\n\t\t\t\t\t\t\t\t\t\t\t<div class=\"col col-md-auto col-12\">\n\t\t\t\t\t<h3>22 minutit autoga<\/h3>\n\t\t\t\t\t<p>Lennujaam<\/p>\n\t\t\t\t<\/div>\n\t\t\t\t\t<\/div>\n\t<\/div>\n<\/div>\n\n\n<div class=\"text-image-block reversed\">\n\t<div class=\"container\">\n\t\t<div class=\"row flex-row-reverse\">\n\t\t\t<div class=\"text col col-md-6 col-12\">\n\t\t\t\t<div class=\"col_wrapper fade-in-up\">\n\t\t\t\t\t\t\t\t\t\t\t<h2>Asukohast<\/h2>\n\t\t\t\t\t\t\t\t\t\t<div class=\"text_wrapper\">\n\t\t\t\t\t\t<ul>\n<li>Tuntud asukoht ja hea ligip\u00e4\u00e4setavus<\/li>\n<li>Kiire \u00fchendus Eesti p\u00f5himaanteede ja linnaga<\/li>\n<li>K\u00f5rge liiklustihedusega s\u00f5lmpunkt &#8211; ca 40 000 autot p\u00e4evas<\/li>\n<li>Kiiresti arenev \u00e4riparkide piirkond<\/li>\n<li>Koost\u00f6\u00f6partnerite l\u00e4hedus<\/li>\n<li>Paiknemine h\u00e4sti toimivainfrastruktuuriga Laagri k\u00fclje alt<\/li>\n<\/ul>\n\t\t\t\t\t<\/div>\n\t\t\t\t\t\t\t\t\t<\/div>\n\t\t\t<\/div>\n\t\t\t<div class=\"image col col-md-6 col-12\">\n\t\t\t\t<div class=\"img bg-center\" style=\"background-image: url(https:\/\/restate.ee\/tanassilma\/wp-content\/uploads\/2024\/08\/LPT4-28-scaled.jpg);\"><\/div>\n\t\t\t<\/div>\n\t\t<\/div>\n\t<\/div>\n<\/div>\n\n\n<div class=\"about-buildings-block\">\n    <div class=\"background bg-center d-lg-block d-none\" style=\"background-image: url(https:\/\/restate.ee\/tanassilma\/wp-content\/uploads\/2022\/07\/Ta\u0308nassilma-A\u0308ripark_6-1-2.jpg);\"><\/div>\n\t<div class=\"container\">\n\t\t\t\t\t<h2>\u00c4rihoonetest<\/h2>\n\t\t\t\t<div class=\"text_wrapper\">\n\t\t\t<ul>\n<li>Erineva suuruse ja kasutusotstarbega \u00e4ripinnad vastavalt kliendi vajadustele<\/li>\n<li>Energias\u00e4\u00e4stlikud A-energiaklassi hooned (BREEAM sertifikaat) ehk madalad k\u00f5rvalkulud<\/li>\n<li>Silmapaistev ja efektne arhitektuur<\/li>\n<li>Maanteelt n\u00e4htavad reklaamid<\/li>\n<li>Head parkimisv\u00f5imalused hoone k\u00f5rval<\/li>\n<\/ul>\n\t\t<\/div>\n\t\t<div class=\"background_mobile bg-center d-lg-none d-block\" style=\"background-image: url(https:\/\/restate.ee\/tanassilma\/wp-content\/uploads\/2022\/07\/Ta\u0308nassilma-A\u0308ripark_6-1-2.jpg);\"><\/div>\n\t<\/div>\n<\/div>","protected":false},"excerpt":{"rendered":"","protected":false},"author":1,"featured_media":0,"parent":0,"menu_order":0,"comment_status":"closed","ping_status":"closed","template":"","meta":{"_monsterinsights_skip_tracking":false,"_monsterinsights_sitenote_active":false,"_monsterinsights_sitenote_note":"","_monsterinsights_sitenote_category":0},"acf":[],"yoast_head":"<!-- This site is optimized with the Yoast SEO plugin v19.9 - https:\/\/yoast.com\/wordpress\/plugins\/seo\/ -->\n<title>Avaleht - T\u00e4nassilma \u00e4ripark<\/title>\n<meta name=\"robots\" content=\"index, follow, max-snippet:-1, max-image-preview:large, max-video-preview:-1\" \/>\n<link rel=\"canonical\" href=\"https:\/\/restate.ee\/tanassilma\/\" \/>\n<meta property=\"og:locale\" content=\"et_EE\" \/>\n<meta property=\"og:type\" content=\"article\" \/>\n<meta property=\"og:title\" content=\"Avaleht - T\u00e4nassilma \u00e4ripark\" \/>\n<meta property=\"og:url\" content=\"https:\/\/restate.ee\/tanassilma\/\" \/>\n<meta property=\"og:site_name\" content=\"T\u00e4nassilma \u00e4ripark\" \/>\n<meta property=\"article:modified_time\" content=\"2024-09-06T10:08:24+00:00\" \/>\n<meta property=\"og:image\" content=\"https:\/\/restate.ee\/tanassilma\/wp-content\/uploads\/2022\/06\/og_tanassilma.jpg\" \/>\n\t<meta property=\"og:image:width\" content=\"1200\" \/>\n\t<meta property=\"og:image:height\" content=\"630\" \/>\n\t<meta property=\"og:image:type\" content=\"image\/jpeg\" \/>\n<meta name=\"twitter:card\" content=\"summary_large_image\" \/>\n<script type=\"application\/ld+json\" class=\"yoast-schema-graph\">{\"@context\":\"https:\/\/schema.org\",\"@graph\":[{\"@type\":\"WebPage\",\"@id\":\"https:\/\/restate.ee\/tanassilma\/\",\"url\":\"https:\/\/restate.ee\/tanassilma\/\",\"name\":\"Avaleht - T\u00e4nassilma \u00e4ripark\",\"isPartOf\":{\"@id\":\"https:\/\/restate.ee\/tanassilma\/#website\"},\"datePublished\":\"2020-09-17T15:31:54+00:00\",\"dateModified\":\"2024-09-06T10:08:24+00:00\",\"breadcrumb\":{\"@id\":\"https:\/\/restate.ee\/tanassilma\/#breadcrumb\"},\"inLanguage\":\"et\",\"potentialAction\":[{\"@type\":\"ReadAction\",\"target\":[\"https:\/\/restate.ee\/tanassilma\/\"]}]},{\"@type\":\"BreadcrumbList\",\"@id\":\"https:\/\/restate.ee\/tanassilma\/#breadcrumb\",\"itemListElement\":[{\"@type\":\"ListItem\",\"position\":1,\"name\":\"Home\",\"item\":\"https:\/\/restate.ee\/tanassilma\/\"},{\"@type\":\"ListItem\",\"position\":2,\"name\":\"Avaleht\"}]},{\"@type\":\"WebSite\",\"@id\":\"https:\/\/restate.ee\/tanassilma\/#website\",\"url\":\"https:\/\/restate.ee\/tanassilma\/\",\"name\":\"T\u00e4nassilma \u00e4ripark\",\"description\":\"\",\"publisher\":{\"@id\":\"https:\/\/restate.ee\/tanassilma\/#organization\"},\"potentialAction\":[{\"@type\":\"SearchAction\",\"target\":{\"@type\":\"EntryPoint\",\"urlTemplate\":\"https:\/\/restate.ee\/tanassilma\/?s={search_term_string}\"},\"query-input\":\"required name=search_term_string\"}],\"inLanguage\":\"et\"},{\"@type\":\"Organization\",\"@id\":\"https:\/\/restate.ee\/tanassilma\/#organization\",\"name\":\"T\u00e4nassilma \u00e4ripark\",\"url\":\"https:\/\/restate.ee\/tanassilma\/\",\"logo\":{\"@type\":\"ImageObject\",\"inLanguage\":\"et\",\"@id\":\"https:\/\/restate.ee\/tanassilma\/#\/schema\/logo\/image\/\",\"url\":\"https:\/\/restate.ee\/tanassilma\/wp-content\/uploads\/2022\/06\/logo.svg\",\"contentUrl\":\"https:\/\/restate.ee\/tanassilma\/wp-content\/uploads\/2022\/06\/logo.svg\",\"caption\":\"T\u00e4nassilma \u00e4ripark\"},\"image\":{\"@id\":\"https:\/\/restate.ee\/tanassilma\/#\/schema\/logo\/image\/\"}}]}<\/script>\n<!-- \/ Yoast SEO plugin. -->","yoast_head_json":{"title":"Avaleht - T\u00e4nassilma \u00e4ripark","robots":{"index":"index","follow":"follow","max-snippet":"max-snippet:-1","max-image-preview":"max-image-preview:large","max-video-preview":"max-video-preview:-1"},"canonical":"https:\/\/restate.ee\/tanassilma\/","og_locale":"et_EE","og_type":"article","og_title":"Avaleht - T\u00e4nassilma \u00e4ripark","og_url":"https:\/\/restate.ee\/tanassilma\/","og_site_name":"T\u00e4nassilma \u00e4ripark","article_modified_time":"2024-09-06T10:08:24+00:00","og_image":[{"width":1200,"height":630,"url":"https:\/\/restate.ee\/tanassilma\/wp-content\/uploads\/2022\/06\/og_tanassilma.jpg","type":"image\/jpeg"}],"twitter_card":"summary_large_image","schema":{"@context":"https:\/\/schema.org","@graph":[{"@type":"WebPage","@id":"https:\/\/restate.ee\/tanassilma\/","url":"https:\/\/restate.ee\/tanassilma\/","name":"Avaleht - T\u00e4nassilma \u00e4ripark","isPartOf":{"@id":"https:\/\/restate.ee\/tanassilma\/#website"},"datePublished":"2020-09-17T15:31:54+00:00","dateModified":"2024-09-06T10:08:24+00:00","breadcrumb":{"@id":"https:\/\/restate.ee\/tanassilma\/#breadcrumb"},"inLanguage":"et","potentialAction":[{"@type":"ReadAction","target":["https:\/\/restate.ee\/tanassilma\/"]}]},{"@type":"BreadcrumbList","@id":"https:\/\/restate.ee\/tanassilma\/#breadcrumb","itemListElement":[{"@type":"ListItem","position":1,"name":"Home","item":"https:\/\/restate.ee\/tanassilma\/"},{"@type":"ListItem","position":2,"name":"Avaleht"}]},{"@type":"WebSite","@id":"https:\/\/restate.ee\/tanassilma\/#website","url":"https:\/\/restate.ee\/tanassilma\/","name":"T\u00e4nassilma \u00e4ripark","description":"","publisher":{"@id":"https:\/\/restate.ee\/tanassilma\/#organization"},"potentialAction":[{"@type":"SearchAction","target":{"@type":"EntryPoint","urlTemplate":"https:\/\/restate.ee\/tanassilma\/?s={search_term_string}"},"query-input":"required name=search_term_string"}],"inLanguage":"et"},{"@type":"Organization","@id":"https:\/\/restate.ee\/tanassilma\/#organization","name":"T\u00e4nassilma \u00e4ripark","url":"https:\/\/restate.ee\/tanassilma\/","logo":{"@type":"ImageObject","inLanguage":"et","@id":"https:\/\/restate.ee\/tanassilma\/#\/schema\/logo\/image\/","url":"https:\/\/restate.ee\/tanassilma\/wp-content\/uploads\/2022\/06\/logo.svg","contentUrl":"https:\/\/restate.ee\/tanassilma\/wp-content\/uploads\/2022\/06\/logo.svg","caption":"T\u00e4nassilma \u00e4ripark"},"image":{"@id":"https:\/\/restate.ee\/tanassilma\/#\/schema\/logo\/image\/"}}]}},"_links":{"self":[{"href":"https:\/\/restate.ee\/tanassilma\/wp-json\/wp\/v2\/pages\/7"}],"collection":[{"href":"https:\/\/restate.ee\/tanassilma\/wp-json\/wp\/v2\/pages"}],"about":[{"href":"https:\/\/restate.ee\/tanassilma\/wp-json\/wp\/v2\/types\/page"}],"author":[{"embeddable":true,"href":"https:\/\/restate.ee\/tanassilma\/wp-json\/wp\/v2\/users\/1"}],"replies":[{"embeddable":true,"href":"https:\/\/restate.ee\/tanassilma\/wp-json\/wp\/v2\/comments?post=7"}],"version-history":[{"count":12,"href":"https:\/\/restate.ee\/tanassilma\/wp-json\/wp\/v2\/pages\/7\/revisions"}],"predecessor-version":[{"id":1820,"href":"https:\/\/restate.ee\/tanassilma\/wp-json\/wp\/v2\/pages\/7\/revisions\/1820"}],"wp:attachment":[{"href":"https:\/\/restate.ee\/tanassilma\/wp-json\/wp\/v2\/media?parent=7"}],"curies":[{"name":"wp","href":"https:\/\/api.w.org\/{rel}","templated":true}]}}